d - 133 = -g, 2*d = -12*g + 15*g - 382. Calculate the highest common factor of 48 and g.
16
Suppose -8*d + 4*g - 6 = -7*d, d - 12 = -2*g. What is the highest common divisor of 183 and d?
3
Let p(s) = -s**2 + 6*s + 3. Let h be p(6). Suppose 0 = -b - h + 12. Let d(i) = -i**3 - 2*i. Let x be d(-4). Calculate the greatest common factor of b and x.
9
Let b = -159 - -113. Let n be -2*(-3)/(-2) - b. Suppose -l = i - 59, n = 5*i - 4*l - 216. Calculate the highest common divisor of 22 and i.
11
Let t(f) = -13*f - 58. Let a be t(-5). Calculate the greatest common factor of a and 2.
1
Let d be (8/(-10))/((-7)/35). Suppose -d - 4 = -2*y. Let r be ((-18)/y)/((-3)/4). Calculate the greatest common factor of r and 15.
3
Let s be (-30)/(-4)*266/21. Calculate the highest common divisor of s and 57.
19
Suppose -8*w + 32 - 8 = 0. Let o(q) = q**2 + 3*q + 5. Let j be o(4). Calculate the greatest common factor of w and j.
3
Suppose -h - 5 = -2*h. Suppose -3*j - 4*j = -105. Calculate the greatest common divisor of h and j.
5
Let c(o) = 5 - 6 + o - 6. Let d = 31 - 21. Let w be c(d). What is the highest common divisor of w and 9?
3
Let m(h) = 52 + 2*h + 129*h**2 - h**3 - 129*h**2. Let t be m(0). What is the highest common factor of t and 13?
13
Suppose 65 = 3*g + a + 356, -2*g - 183 = -3*a. Let j = -83 - g. Suppose 2*k - 120 - 114 = 0. What is the greatest common factor of k and j?
13
Let h be (((-490)/(-8))/(-5))/((-5)/40). Let l be (-12)/(-16) - 2/(-16)*h. What is the greatest common divisor of 104 and l?
13
Suppose -3*i - 20 = -5*i. Calculate the greatest common factor of 490 and i.
10
Suppose -4*w + 175 = w - 5*i, 5*w + 2*i - 168 = 0. Suppose -c = -5, x = c - 4*c + w. Calculate the greatest common divisor of 209 and x.
19
Let i(m) = 2*m**3 - 4*m**2 + 4. Let o be i(3). Let z(k) = 3*k**2 + 7*k + 12. Let c be z(-10). What is the highest common factor of c and o?
22
Let x = 940 + -560. Calculate the highest common factor of x and 19.
19
Let c = -260 - -273. What is the greatest common divisor of c and 65?
13
Let m(f) = -f**3 - 3*f**2 + 4*f + 10. Let q be m(-5). Suppose 30 = -3*l + 9*l. Calculate the greatest common divisor of l and q.
5
Let v be (4 + (-130)/(-5))/1. Let m = v - 22. Calculate the greatest common factor of 20 and m.
4
Suppose -n = -l + 116, -1 = 2*n - 9. Calculate the greatest common divisor of l and 60.
60
Let v(g) = 19*g**2 - 2*g + 2. Let d be v(2). Let x = d - 36. What is the greatest common divisor of 57 and x?
19
Let k(p) = p**3 - 4*p**2 + p - 2. Suppose -9*g + 24 = -3*g. Let a be k(g). Calculate the highest common divisor of a and 5.
1
Let o(h) = 22*h + 3. Let d be o(1). Calculate the highest common divisor of 5 and d.
5
Let x be 3/(-20 + 19) + 58 + -1. What is the highest common divisor of 459 and x?
27
Let c(z) = z**3 + 2*z**2 + z + 6. Let g be c(0). What is the highest common factor of g and 6?
6
Let d = -15 + 21. Let o be ((-8)/3)/((-2)/(-6)). Let a(h) = -h**2 - 15*h - 26. Let x be a(o). Calculate the greatest common factor of x and d.
6
Let t = -393 + 562. What is the highest common divisor of 13 and t?
13
Let f(v) be the third derivative of -v**4/24 - v**3 - 4*v**2. Let i be f(-7). Let q be 8/(-20) + 28/20. What is the greatest common divisor of q and i?
1
Let p(n) = -2*n + 22. Let k be p(14). Let i(d) = -12*d - 56. Let b be i(k). What is the highest common divisor of 272 and b?
16
Suppose -380 = -7*u + 3*u. Let t = -93 + 131. What is the highest common divisor of t and u?
19
Let a be -3 + -86 + (-4)/(-2). Let c = -60 - a. Let z = 7805 + -7751. Calculate the highest common divisor of z and c.
27
Let z(c) = c**3 - 6*c**2 - 15*c + 15. Let i be z(8). What is the highest common divisor of i and 2?
1
Let r(p) = -p**3 + 19*p**2 - 27*p - 6. Let d be r(10). Calculate the highest common divisor of d and 48.
48
Let t be 40/2 - (0 + 1). Let a(c) = c**2 + 10*c + 25. Let d be a(-8). Let w = t - d. Calculate the greatest common factor of 80 and w.
10
Let z be (-33)/(-9) - -5*(-8)/60. Let q be z/6 + (-26)/(-4). What is the greatest common factor of q and 14?
7
Let k(v) = -97*v**2 - 1 + 95*v**2 + 2*v - 8 + v**3. Let z be k(3). What is the greatest common factor of z and 18?
6
Suppose x = -5*t + 447 + 595, 0 = -4*t - 3*x + 827. What is the greatest common factor of t and 11?
11
Let a be 11/((2/4)/1). Let c be (-44*1/5)/((-2)/10). Calculate the highest common divisor of a and c.
22
Suppose 226*c = 199*c + 11745. Calculate the highest common factor of c and 90.
15
Let f(g) = 6*g - 22. Let r be f(13). Let p be r + 1/1 + 3. Calculate the highest common divisor of p and 15.
15
Let m = -23 - -27. Suppose 3*g - 676 = 4*n, g + m*n = 246 + 6. What is the greatest common factor of g and 29?
29
Let d(h) = 81*h + 33. Let l(p) = 5*p + 2. Let j(b) = -2*d(b) + 33*l(b). Let s be j(4). What is the greatest common factor of s and 12?
12
Suppose 0*u + 7 = -4*f - 3*u, 0 = f - u - 7. Suppose 135*i + 8 = 139*i. What is the highest common factor of f and i?
2
Let r be (-639)/(-71) + (9 - 2)*-1. What is the greatest common divisor of 140 and r?
2
Let t be (-4)/26 + 608/(-104). Let i be (45/30)/(t/(-64)). What is the greatest common factor of i and 16?
16
Suppose -3 = 3*a, 5*d + 0*d - 184 = 4*a. Let l = 941 + -869. What is the greatest common divisor of d and l?
36
Suppose -m = -20 - 2. Let z = 2 - -1. Suppose z*k - 134 = -35. What is the highest common factor of k and m?
11
Let b = -478 + 773. What is the greatest common factor of 118 and b?
59
Let w(d) = -d**3 + 10*d**2 + 12*d - 13. Let u be w(11). Let i be ((-1)/((-3)/(-10)))/(u/12). What is the greatest common factor of i and 15?
5
Let i be (-147)/(-35) + (-2)/10. Let j = 47 + i. Calculate the highest common divisor of 17 and j.
17
Suppose -p - 2*p = -66. Let o = 6524 + -6513. What is the greatest common factor of o and p?
11
Let t be -4 - 2/1*-29. Let y(i) = -i**3 - 2*i**2 + i - 4. Let a be y(-3). Suppose v + 5 = 0, 5*h + 2*v = a + 33. What is the greatest common divisor of t and h?
9
Let a be (-1 + -18 + -1)*2/(-4). Let g be (1/(a/(-4)))/((-7)/175). What is the greatest common factor of g and 110?
10
Let k be 4/(-3 + 1) + 2. Suppose -l - 4*l - 195 = k. Let x = 67 + l. What is the highest common factor of 4 and x?
4
Let q = 223 - 201. What is the greatest common divisor of q and 33?
11
Suppose -5*m - m - 18 = 0. Let h be (2/3)/(4/18). Let f be (h*m)/((-5)/60). Calculate the highest common divisor of f and 12.
12
Let n(g) = -2*g**3 - 7*g**2 + 23*g + 58. Let b be n(-5). Let t(y) = -4*y - 2. Let s be t(-2). What is the greatest common factor of b and s?
6
Suppose 183 = 5*d - 457. Suppose 0 = -10*g + 1628 - d. Calculate the greatest common divisor of g and 60.
30
Let p(b) = -2*b**2 - b + 286. Let c be p(0). Suppose -3*w = -0*w - 78. What is the highest common divisor of w and c?
26
Let u be (-184)/20*15/(-6). Calculate the greatest common factor of u and 529.
23
Let l = 10 - -3. Suppose -27*g + 22*g = -65. Calculate the greatest common factor of g and l.
13
Let y be ((-37 - -35) + 5*6)/1. What is the greatest common divisor of y and 196?
28
Let n = -85 + 130. Let h be n + ((-6)/(-3) - 2). Calculate the highest common factor of 60 and h.
15
Suppose -3*a - 4*v = -3*v - 93, -2*v + 62 = 2*a. Let b = 615 - 336. What is the highest common divisor of a and b?
31
Suppose 131*d + 1920 = 251*d. Suppose 3 + 5 = 2*k. Calculate the highest common factor of k and d.
4
Let v = 155 + -146. What is the highest common divisor of 27 and v?
9
Let h = 430 + -216. Let n = -16 + h. Suppose -4 = -4*m - 2*a + 66, 0 = m + 5*a - 13. Calculate the highest common divisor of m and n.
18
Suppose -4*m + 5 + 11 = w, 4*w = 4*m - 16. Suppose -2*g - 2*g + m*x + 232 = 0, 0 = 3*g + 2*x - 159. Calculate the highest common factor of g and 5.
5
Suppose 5*c - 3 = 7. Suppose -37 + 11 = c*a + 2*x, -5*a = -x + 71. Let t = a - -18. Calculate the greatest common divisor of 16 and t.
4
Let b(x) = 21*x + 67. Let r be b(-3). Calculate the highest common divisor of r and 52.
4
Let i = -818 + 870. Calculate the greatest common factor of 1 and i.
1
Suppose -423 = 7*j - 8*j - 5*l, 1215 = 3*j - 3*l. What is the greatest common divisor of j and 18?
6
Suppose 4*z = -7 - 13, 5*l + 4*z = -5. Suppose -4*v - 5 = 5*p, -p + l*v + 9 = -3*p. Calculate the greatest common factor of p and 3.
